{"id":44,"date":"2021-02-22T18:51:49","date_gmt":"2021-02-22T15:51:49","guid":{"rendered":"https:\/\/ultrafenakademi.net\/?page_id=44"},"modified":"2026-01-06T00:38:07","modified_gmt":"2026-01-05T21:38:07","slug":"2020-2021-5-sinif-1-deneme-etkilesimli-tahta-uygulamasi","status":"publish","type":"page","link":"https:\/\/ultrafenakademi.net\/index.php\/2020-2021-5-sinif-1-deneme-etkilesimli-tahta-uygulamasi\/","title":{"rendered":"(2020-2021) 5.S\u0131n\u0131f 1.Deneme &#8211; Etkile\u015fimli tahta uygulamas\u0131"},"content":{"rendered":"<h4><div class=\"box warning  aligncenter\"><div class=\"box-inner-block\"><i class=\"fa tie-shortcode-boxicon\"><\/i>\n\t\t\t<strong>Etkile\u015fimli i\u00e7erik y\u00fckleniyor. <\/strong><br \/><strong>Sorular i\u00e7in sayfay\u0131 a\u015fa\u011f\u0131ya kayd\u0131r\u0131n.<\/strong><br \/><strong>Video \u00c7\u00f6z\u00fcmlere uygulaman\u0131n alt\u0131ndaki soru say\u0131lar\u0131ndan ula\u015fabilirsiniz.<\/strong> \n\t\t\t<\/div><\/div><\/h4>\n\n\n<div class=\"h5p-iframe-wrapper\"><iframe id=\"h5p-iframe-22\" class=\"h5p-iframe\" data-content-id=\"22\" style=\"height:1px\" src=\"about:blank\" frameBorder=\"0\" scrolling=\"no\" title=\"(2020-2021) 5.S\u0131n\u0131f 1.Deneme\"><\/iframe><\/div>\n\n\n\n<p><\/p>\n\n\n\n<figure class=\"wp-block-image size-large\"><img loading=\"lazy\" decoding=\"async\" width=\"1024\" height=\"230\" src=\"https:\/\/ultrafenakademi.net\/wp-content\/uploads\/2021\/02\/telefonyan3-1024x230.jpg\" alt=\"\" class=\"wp-image-24\" srcset=\"https:\/\/ultrafenakademi.net\/wp-content\/uploads\/2021\/02\/telefonyan3-1024x230.jpg 1024w, https:\/\/ultrafenakademi.net\/wp-content\/uploads\/2021\/02\/telefonyan3-300x67.jpg 300w, https:\/\/ultrafenakademi.net\/wp-content\/uploads\/2021\/02\/telefonyan3-768x172.jpg 768w, https:\/\/ultrafenakademi.net\/wp-content\/uploads\/2021\/02\/telefonyan3.jpg 1167w\" sizes=\"auto, (max-width: 1024px) 100vw, 1024px\" \/><\/figure>\n\n\n\n<div class=\"wp-block-image\"><figure class=\"aligncenter size-large\"><img decoding=\"async\" src=\"https:\/\/fenkampus.net\/resim\/cozum2.jpg\" alt=\"\"\/><\/figure><\/div>\n\n\n\n<div class=\"wp-block-columns is-layout-flex wp-container-core-columns-is-layout-9d6595d7 wp-block-columns-is-layout-flex\">\n<div class=\"wp-block-column is-layout-flow wp-block-column-is-layout-flow\">\n<h2 class=\"wp-block-heading has-text-align-center has-vivid-red-color has-text-color has-x-large-font-size\" style=\"font-style:italic;font-weight:800\"><a rel=\"noreferrer noopener\" href=\"https:\/\/www.youtube.com\/watch?v=BxymjFvQj8w&amp;t=25s\" target=\"_blank\"><strong>1.Soru <br><\/strong><\/a><strong><a rel=\"noreferrer noopener\" href=\"https:\/\/www.youtube.com\/watch?v=BxymjFvQj8w&amp;t=107s\" target=\"_blank\">2<\/a><\/strong><strong><a rel=\"noreferrer noopener\" href=\"https:\/\/www.youtube.com\/watch?v=BxymjFvQj8w&amp;t=107s\" target=\"_blank\">.Soru <br><\/a><a rel=\"noreferrer noopener\" href=\"https:\/\/www.youtube.com\/watch?v=BxymjFvQj8w&amp;t=260s\" target=\"_blank\">3.Soru <br><\/a><a rel=\"noreferrer noopener\" href=\"https:\/\/www.youtube.com\/watch?v=BxymjFvQj8w&amp;t=346s\" target=\"_blank\">4.soru <br><\/a><a rel=\"noreferrer noopener\" href=\"https:\/\/www.youtube.com\/watch?v=BxymjFvQj8w&amp;t=495s\" target=\"_blank\">5.Soru <br><\/a><a rel=\"noreferrer noopener\" href=\"https:\/\/www.youtube.com\/watch?v=BxymjFvQj8w&amp;t=567s\" target=\"_blank\">6.Soru <br><\/a><a rel=\"noreferrer noopener\" href=\"https:\/\/www.youtube.com\/watch?v=BxymjFvQj8w&amp;t=644s\" target=\"_blank\">7.Soru <br><\/a><a rel=\"noreferrer noopener\" href=\"https:\/\/www.youtube.com\/watch?v=BxymjFvQj8w&amp;t=769s\" target=\"_blank\">8.Soru <br><\/a><a rel=\"noreferrer noopener\" href=\"https:\/\/www.youtube.com\/watch?v=BxymjFvQj8w&amp;t=848s\" target=\"_blank\">9.Soru <br><\/a><a rel=\"noreferrer noopener\" href=\"https:\/\/www.youtube.com\/watch?v=BxymjFvQj8w&amp;t=920s\" target=\"_blank\">10.Soru<\/a><\/strong><\/h2>\n<\/div>\n\n\n\n<div class=\"wp-block-column is-layout-flow wp-block-column-is-layout-flow\">\n<h2 class=\"wp-block-heading has-text-align-center has-vivid-red-color has-text-color has-x-large-font-size\" style=\"font-style:italic;font-weight:800\"><strong><a rel=\"noreferrer noopener\" href=\"https:\/\/www.youtube.com\/watch?v=BxymjFvQj8w&amp;t=991s\" target=\"_blank\">11.Soru <br><\/a><a rel=\"noreferrer noopener\" href=\"https:\/\/www.youtube.com\/watch?v=BxymjFvQj8w&amp;t=1040s\" target=\"_blank\">12.Soru <br><\/a><a rel=\"noreferrer noopener\" href=\"https:\/\/www.youtube.com\/watch?v=BxymjFvQj8w&amp;t=1108s\" target=\"_blank\">13.Soru <br><\/a><a rel=\"noreferrer noopener\" href=\"https:\/\/www.youtube.com\/watch?v=BxymjFvQj8w&amp;t=1143s\" target=\"_blank\">14.Soru <br><\/a><a rel=\"noreferrer noopener\" href=\"https:\/\/www.youtube.com\/watch?v=BxymjFvQj8w&amp;t=1229s\" target=\"_blank\">15.Soru <br><\/a><a rel=\"noreferrer noopener\" href=\"https:\/\/www.youtube.com\/watch?v=BxymjFvQj8w&amp;t=1289s\" target=\"_blank\">16.Soru <br><\/a><a rel=\"noreferrer noopener\" href=\"https:\/\/www.youtube.com\/watch?v=BxymjFvQj8w&amp;t=1382s\" target=\"_blank\">17.Soru <br><\/a><a rel=\"noreferrer noopener\" href=\"https:\/\/www.youtube.com\/watch?v=BxymjFvQj8w&amp;t=1406s\" target=\"_blank\">18.Soru <br><\/a><a href=\"https:\/\/www.youtube.com\/watch?v=BxymjFvQj8w&amp;t=1478s\">19.Soru <br><\/a><a rel=\"noreferrer noopener\" href=\"https:\/\/www.youtube.com\/watch?v=BxymjFvQj8w&amp;t=1562s\" target=\"_blank\">20.Soru<\/a><\/strong><\/h2>\n<\/div>\n<\/div>\n","protected":false},"excerpt":{"rendered":"<p>1.Soru 2.Soru 3.Soru 4.soru 5.Soru 6.Soru 7.Soru 8.Soru 9.Soru 10.Soru 11.Soru 12.Soru 13.Soru 14.Soru 15.Soru 16.Soru 17.Soru 18.Soru 19.Soru 20.Soru<\/p>\n","protected":false},"author":1,"featured_media":0,"parent":0,"menu_order":0,"comment_status":"open","ping_status":"closed","template":"","meta":{"footnotes":""},"class_list":["post-44","page","type-page","status-publish",""],"_links":{"self":[{"href":"https:\/\/ultrafenakademi.net\/index.php\/wp-json\/wp\/v2\/pages\/44","targetHints":{"allow":["GET"]}}],"collection":[{"href":"https:\/\/ultrafenakademi.net\/index.php\/wp-json\/wp\/v2\/pages"}],"about":[{"href":"https:\/\/ultrafenakademi.net\/index.php\/wp-json\/wp\/v2\/types\/page"}],"author":[{"embeddable":true,"href":"https:\/\/ultrafenakademi.net\/index.php\/wp-json\/wp\/v2\/users\/1"}],"replies":[{"embeddable":true,"href":"https:\/\/ultrafenakademi.net\/index.php\/wp-json\/wp\/v2\/comments?post=44"}],"version-history":[{"count":5,"href":"https:\/\/ultrafenakademi.net\/index.php\/wp-json\/wp\/v2\/pages\/44\/revisions"}],"predecessor-version":[{"id":1334,"href":"https:\/\/ultrafenakademi.net\/index.php\/wp-json\/wp\/v2\/pages\/44\/revisions\/1334"}],"wp:attachment":[{"href":"https:\/\/ultrafenakademi.net\/index.php\/wp-json\/wp\/v2\/media?parent=44"}],"curies":[{"name":"wp","href":"https:\/\/api.w.org\/{rel}","templated":true}]}}