{"id":21,"date":"2021-02-22T15:01:09","date_gmt":"2021-02-22T12:01:09","guid":{"rendered":"https:\/\/ultrafenakademi.net\/?page_id=21"},"modified":"2022-05-20T00:08:26","modified_gmt":"2022-05-19T21:08:26","slug":"2018-2019-8-sinif-1-deneme-etkilesimli-tahta-uygulamasi","status":"publish","type":"page","link":"https:\/\/ultrafenakademi.net\/index.php\/2018-2019-8-sinif-1-deneme-etkilesimli-tahta-uygulamasi\/","title":{"rendered":"8.S\u0131n\u0131f 1.Deneme (2018-2019) &#8211; Etkile\u015fimli tahta uygulamas\u0131"},"content":{"rendered":"\n<p><code><div class=\"h5p-iframe-wrapper\"><iframe id=\"h5p-iframe-12\" class=\"h5p-iframe\" data-content-id=\"12\" style=\"height:1px\" src=\"about:blank\" frameBorder=\"0\" scrolling=\"no\" title=\"(2018-2019) 8.S\u0131n\u0131f 01.Deneme\"><\/iframe><\/div><\/code><\/p>\n\n\n\n<figure class=\"wp-block-image size-large\"><img loading=\"lazy\" decoding=\"async\" width=\"1024\" height=\"230\" src=\"https:\/\/ultrafenakademi.net\/wp-content\/uploads\/2021\/02\/telefonyan3-1024x230.jpg\" alt=\"\" class=\"wp-image-24\" srcset=\"https:\/\/ultrafenakademi.net\/wp-content\/uploads\/2021\/02\/telefonyan3-1024x230.jpg 1024w, https:\/\/ultrafenakademi.net\/wp-content\/uploads\/2021\/02\/telefonyan3-300x67.jpg 300w, https:\/\/ultrafenakademi.net\/wp-content\/uploads\/2021\/02\/telefonyan3-768x172.jpg 768w, https:\/\/ultrafenakademi.net\/wp-content\/uploads\/2021\/02\/telefonyan3.jpg 1167w\" sizes=\"auto, (max-width: 1024px) 100vw, 1024px\" \/><\/figure>\n\n\n\n<div class=\"wp-block-image\"><figure class=\"aligncenter size-large\"><img decoding=\"async\" src=\"https:\/\/fenkampus.net\/resim\/cozum2.jpg\" alt=\"\"\/><\/figure><\/div>\n\n\n\n<div class=\"wp-block-columns is-layout-flex wp-container-core-columns-is-layout-9d6595d7 wp-block-columns-is-layout-flex\">\n<div class=\"wp-block-column is-layout-flow wp-block-column-is-layout-flow\">\n<h2 class=\"has-text-align-center has-vivid-red-color has-text-color wp-block-heading\"><a rel=\"noreferrer noopener\" href=\"https:\/\/www.youtube.com\/watch?v=gtlRWDxb45U&amp;t=23s\" target=\"_blank\">1.Soru <br><\/a><a rel=\"noreferrer noopener\" href=\"https:\/\/www.youtube.com\/watch?v=gtlRWDxb45U&amp;t=155s\" target=\"_blank\">2.Soru <br><\/a><a rel=\"noreferrer noopener\" href=\"https:\/\/www.youtube.com\/watch?v=gtlRWDxb45U&amp;t=250s\" target=\"_blank\">3.Soru <br><\/a><a rel=\"noreferrer noopener\" href=\"https:\/\/www.youtube.com\/watch?v=gtlRWDxb45U&amp;t=330s\" target=\"_blank\">4.Soru <br><\/a><a rel=\"noreferrer noopener\" href=\"https:\/\/www.youtube.com\/watch?v=gtlRWDxb45U&amp;t=455s\" target=\"_blank\">5.Soru <br><\/a><a rel=\"noreferrer noopener\" href=\"https:\/\/www.youtube.com\/watch?v=gtlRWDxb45U&amp;t=518s\" target=\"_blank\">6.Soru <br><\/a><a rel=\"noreferrer noopener\" href=\"https:\/\/www.youtube.com\/watch?v=gtlRWDxb45U&amp;t=625s\" target=\"_blank\">7.Soru <br><\/a><a rel=\"noreferrer noopener\" href=\"https:\/\/www.youtube.com\/watch?v=gtlRWDxb45U&amp;t=742s\" target=\"_blank\">8.Soru <br><\/a><a rel=\"noreferrer noopener\" href=\"https:\/\/www.youtube.com\/watch?v=gtlRWDxb45U&amp;t=835s\" target=\"_blank\">9.Soru <br><\/a><a rel=\"noreferrer noopener\" href=\"https:\/\/www.youtube.com\/watch?v=gtlRWDxb45U&amp;t=988s\" target=\"_blank\">10.Soru <\/a><\/h2>\n<\/div>\n\n\n\n<div class=\"wp-block-column is-layout-flow wp-block-column-is-layout-flow\">\n<h2 class=\"has-text-align-center has-vivid-red-color has-text-color wp-block-heading\"><a rel=\"noreferrer noopener\" href=\"https:\/\/www.youtube.com\/watch?v=gtlRWDxb45U&amp;t=1040s\" target=\"_blank\">11.Soru <br><\/a><a rel=\"noreferrer noopener\" href=\"https:\/\/www.youtube.com\/watch?v=gtlRWDxb45U&amp;t=1135s\" target=\"_blank\">12.Soru <br><\/a><a rel=\"noreferrer noopener\" href=\"https:\/\/www.youtube.com\/watch?v=gtlRWDxb45U&amp;t=1187s\" target=\"_blank\">13.Soru <br><\/a><a rel=\"noreferrer noopener\" href=\"https:\/\/www.youtube.com\/watch?v=gtlRWDxb45U&amp;t=1393s\" target=\"_blank\">14.Soru <br><\/a><a rel=\"noreferrer noopener\" href=\"https:\/\/www.youtube.com\/watch?v=gtlRWDxb45U&amp;t=1545s\" target=\"_blank\">15.Soru <br><\/a><a rel=\"noreferrer noopener\" href=\"https:\/\/www.youtube.com\/watch?v=gtlRWDxb45U&amp;t=1643s\" target=\"_blank\">16.Soru <br><\/a><a rel=\"noreferrer noopener\" href=\"https:\/\/www.youtube.com\/watch?v=gtlRWDxb45U&amp;t=1730s\" target=\"_blank\">17.Soru <br><\/a><a rel=\"noreferrer noopener\" href=\"https:\/\/www.youtube.com\/watch?v=gtlRWDxb45U&amp;t=1831s\" target=\"_blank\">18.Soru <br><\/a><a rel=\"noreferrer noopener\" href=\"https:\/\/www.youtube.com\/watch?v=gtlRWDxb45U&amp;t=1909s\" target=\"_blank\">19.Soru <br><\/a><a rel=\"noreferrer noopener\" href=\"https:\/\/www.youtube.com\/watch?v=gtlRWDxb45U&amp;t=1953s\" target=\"_blank\">20.Soru<\/a><\/h2>\n<\/div>\n<\/div>\n","protected":false},"excerpt":{"rendered":"<p>1.Soru 2.Soru 3.Soru 4.Soru 5.Soru 6.Soru 7.Soru 8.Soru 9.Soru 10.Soru 11.Soru 12.Soru 13.Soru 14.Soru 15.Soru 16.Soru 17.Soru 18.Soru 19.Soru 20.Soru<\/p>\n","protected":false},"author":1,"featured_media":0,"parent":0,"menu_order":0,"comment_status":"open","ping_status":"closed","template":"","meta":{"footnotes":""},"class_list":["post-21","page","type-page","status-publish",""],"_links":{"self":[{"href":"https:\/\/ultrafenakademi.net\/index.php\/wp-json\/wp\/v2\/pages\/21","targetHints":{"allow":["GET"]}}],"collection":[{"href":"https:\/\/ultrafenakademi.net\/index.php\/wp-json\/wp\/v2\/pages"}],"about":[{"href":"https:\/\/ultrafenakademi.net\/index.php\/wp-json\/wp\/v2\/types\/page"}],"author":[{"embeddable":true,"href":"https:\/\/ultrafenakademi.net\/index.php\/wp-json\/wp\/v2\/users\/1"}],"replies":[{"embeddable":true,"href":"https:\/\/ultrafenakademi.net\/index.php\/wp-json\/wp\/v2\/comments?post=21"}],"version-history":[{"count":5,"href":"https:\/\/ultrafenakademi.net\/index.php\/wp-json\/wp\/v2\/pages\/21\/revisions"}],"predecessor-version":[{"id":590,"href":"https:\/\/ultrafenakademi.net\/index.php\/wp-json\/wp\/v2\/pages\/21\/revisions\/590"}],"wp:attachment":[{"href":"https:\/\/ultrafenakademi.net\/index.php\/wp-json\/wp\/v2\/media?parent=21"}],"curies":[{"name":"wp","href":"https:\/\/api.w.org\/{rel}","templated":true}]}}